1 + 111001110?
100000001
In base 11, what is a + -7a9?
-79a
In base 9, what is 4 + 300108?
300113
In base 7, what is 355 - 255?
100
In base 15, what is 1 + -e7085?
-e7084
In base 14, what is 10c + -d5?
17
In base 15, what is 1377 - -bd?
1445
In base 14, what is -2 + 21ba3?
21ba1
In base 5, what is -142412344 + 3?
-142412341
In base 13, what is -5 - -8c7c?
8c77
In base 12, what is -2309 - 6?
-2313
In base 2, what is 11011000101 - -11?
11011001000
In base 12, what is 4 - 1041?
-1039
In base 12, what is -48b5 - 3?
-48b8
In base 15, what is -12004 - -7?
-11eec
In base 8, what is -4 - 155112?
-155116
In base 6, what is -15145 - 54?
-15243
In base 5, what is -42 + 11022?
10430
In base 10, what is -5 - 967?
-972
In base 6, what is 100 - 1324?
-1224
In base 3, what is 1112001 + 211220?
2100221
In base 13, what is -2 - -5c35?
5c33
In base 7, what is -52 + -146?
-231
In base 13, what is -5cc + 13?
-5b9
In base 6, what is -3 + 52414?
52411
In base 5, what is 213144 - 2?
213142
In base 14, what is -7d - 112?
-191
In base 10, what is -5 + -492339?
-492344
In base 13, what is -16132 + 4?
-1612b
In base 12, what is 4 - -2aa49?
2aa51
In base 4, what is -10 - -2121311?
2121301
In base 6, what is -12 + -151513?
-151525
In base 13, what is 200a - 11b?
1bbc
In base 11, what is -17 - -33071?
33055
In base 12, what is -27a + -2267?
-2525
In base 11, what is -1 + -7784?
-7785
In base 6, what is 10 + -20224?
-20214
In base 7, what is -1656 + 20?
-1636
In base 11, what is -6164 - -1?
-6163
In base 2, what is 101010110010000 + 111?
101010110010111
In base 2, what is -1010011100 + 100011001?
-110000011
In base 6, what is 5500 - -55?
5555
In base 15, what is a58 + -25?
a33
In base 13, what is -812cc + 1?
-812cb
In base 2, what is 11010001000 + -100100?
11001100100
In base 9, what is 2082 - 13?
2068
In base 4, what is 1230 - 30313?
-23023
In base 7, what is 0 - 12012?
-12012
In base 14, what is d + -17bc?
-17ad
In base 12, what is -4 + -37a45?
-37a49
In base 6, what is 30122 - 425?
25253
In base 10, what is 4 + -12751?
-12747
In base 3, what is -122120 + -112221?
-1012111
In base 4, what is -230121 - -112?
-230003
In base 16, what is 2 - 3dce?
-3dcc
In base 3, what is -122101212210 - 100?
-122101220010
In base 12, what is -302a3 - -13?
-30290
In base 8, what is -202 - 665?
-1067
In base 3, what is -10022201 - 20?
-10022221
In base 2, what is 11110 + -10101001?
-10001011
In base 5, what is -2110214 - -34?
-2110130
In base 8, what is -1 - 1422233?
-1422234
In base 6, what is -5535354 - 2?
-5535400
In base 6, what is -10340 + 24?
-10312
In base 8, what is 2402 + -156?
2224
In base 11, what is a684a3 + -5?
a68499
In base 15, what is 2 - d53dc?
-d53da
In base 6, what is 214333115 + 3?
214333122
In base 12, what is -5 + -aab64?
-aab69
In base 9, what is -1055 - 511?
-1566
In base 3, what is -11002212011 - 11?
-11002212022
In base 7, what is -31634 - -4?
-31630
In base 13, what is 18 + 90aa?
90c5
In base 8, what is 21557 + 4?
21563
In base 14, what is 75c6 - d?
75b7
In base 11, what is a13 - -a?
a22
In base 15, what is 12 + -922?
-910
In base 11, what is -14 + 16539?
16525
In base 14, what is -29 + 2b8?
28d
In base 4, what is 2 + -20113132?
-20113130
In base 8, what is -657764 - -3?
-657761
In base 8, what is 310607 - -3?
310612
In base 16, what is 3 + 14243?
14246
In base 10, what is 3 + -133871?
-133868
In base 5, what is -33034 - 4?
-33043
In base 14, what is 2553 + -3?
2550
In base 16, what is -e3708 - 5?
-e370d
In base 2, what is -1010 + 11000101101010?
11000101100000
In base 9, what is -6401762 + -4?
-6401766
In base 7, what is -1640 - -22404?
20434
In base 2, what is -110 + 10011010011?
10011001101
In base 12, what is -1 - 73151?
-73152
In base 8, what is -4645 + 103?
-4542
In base 13, what is 5 + 88cb?
8903
In base 9, what is -4 - 601384?
-601388
In base 9, what is 346 + 526?
873
In base 3, what is -10110101 + -210?
-10111011
In base 6, what is -14354 + -15?
-14413
In base 7, what is 5 + -34564?
-34556
In base 12, what is -1a7 + -2a6?
-491
In base 12, what is 3a8 - 48?
360
In base 10, what is -980 - 7?
-987
In base 7, what is -22 + -140360?
-140412
In base 6, what is 122052110 + -3?
122052103
In base 11, what is 2 - -22427?
22429
In base 5, what is 12 + -140323?
-140311
In base 12, what is 3 - -82634?
82637
In base 3, what is -21202 - -100211?
2002
In base 4, what is -101011232222 - -2?
-101011232220
In base 12, what is -586 - -aa1?
517
In base 5, what is 24300 - 2403?
21342
In base 5, what is 101304 - -3233?
110042
In base 3, what is 102201211000110 - 0?
102201211000110
In base 15, what is -1 + 6b5?
6b4
In base 8, what is 2722 - 2176?
524
In base 12, what is 18306 - -6?
18310
In base 8, what is -376 + 43?
-333
In base 13, what is -57 + b27?
aa0
In base 2, what is -10110101011 - -1010101?
-10101010110
In base 11, what is -114 + -65a?
-773
In base 13, what is -671 - 5?
-676
In base 14, what is 4 - -47203?
47207
In base 2, what is 1000101000100 - -1111?
1000101010011
In base 5, what is 20210200 + 2?
20210202
In base 14, what is 7a8296 - 1?
7a8295
In base 7, what is 10 + -10346?
-10336
In base 10, what is -600951 + -11?
-600962
In base 5, what is 4432310 - -30?
4432340
In base 13, what is -1340 - 142?
-1482
In base 8, what is -14 - -1166122?
1166106
In base 4, what is -10 - 20122220?
-20122230
In base 15, what is -7d - -2e?
-4e
In base 5, what is 43223313 - 1?
43223312
In base 10, what is -31058 - -4?
-31054
In base 3, what is 2 - 210002112101?
-210002112022
In base 8, what is 70 - -15?
105
In base 7, what is -5 + 1002?
664
In base 13, what is 13569 + 2?
1356b
In base 12, what is -6aa8 + 16?
-6a92
In base 3, what is 211011102 + 1122?
211020001
In base 7, what is 125 - -102520?
102645
In base 6, what is 13223 + 535?
14202
In base 6, what is 2 - -33430?
33432
In base 8, what is -124 + -46?
-172
In base 8, what is -14030 + 0?
-14030
In base 13, what is -5332 - -8?
-5327
In base 4, what is 103030333 + 203?
103031202
In base 15, what is 6dea + 1b?
6e16
In base 4, what is 30012203213 + -1?
30012203212
In base 4, what is 3 - -2112313?
2112322
In base 9, what is -3 - 4583?
-4586
In base 3, what is 1002 - 210001201?
-210000122
In base 12, what is 60950b - 1?
60950a
In base 2, what is 100 + -1001110110000010?
-1001110101111110
In base 16, what is -7db1 - 3?
-7db4
In base 5, what is 2 + -2014344?
-2014342
In base 16, what is 201 - 56?
1ab
In base 15, what is 366 + 28?
38e
In base 15, what is -a + d1c4?
d1b9
In base 7, what is -10113 + 131?
-6652
In base 9, what is -1060348 + -3?
-1060352
In base 12, what is 357 - -44?
39b
In base 11, what is a6aa - 21?
a689
In base 4, what is 23200 - 122210?
-33010
In base 8, what is 557 + -21320?
-20541
In base 4, what is -10323 + 23133?
12210
In base 13, what is -46b - b4?
-552
In base 16, what is 19 - 3c9f?
-3c86
In base 13, what is -2ba + -887?
-b74
In base 15, what is 66 - -12496?
1250c
In base 8, what is 51160 + 4?
51164
In base 9, what is -6838 + 221?
-6617
In base 12, what is -54590 + 3?
-54589
In base 2, what is 111 + 10001110110001?
10001110111000
In base 15, what is -18e35 - -5?
-18e30
In base 13, what is -457a - -4?
-4576
In base 14, what is 43 - -29a7?
2a0a
In base 11, what is -69 - 25a6?
-2664
In base 5, what is 2102033 + -10?
2102023
In base 9, what is -108627 + 11?
-108616
In base 7, what is 44320113 + -1?
44320112
In base 14, what is -6 - -c1?
b9
In base 6, what is 35 - -31233?
31312
In base 13, what is -38b6 + 6?
-38b0
In base 14, what is -10961 - 10?
-10971
In base 6, what is 4 - -30201255?
30201303
In base 16, what is -1cc - -5?
-1c7
In base 6, what is 303 + -3224?
-2521
In base 10, what is 191 - 25?
166
In base 9, what is -15 + 36878?
36863
In base 14, what is -3 + -a797?
-a79a
In base 9, what is -1030 - 415?
-1445
In base 5, what is -22024 + 13?
-22011
In base 15, what is -45 - -1b43?
1aed
In base 8, what is -153011 + -2?
-153013
In base 4, what is 3 - 20103231?
-20103222
In base 3, what is -2000 - -2212102?
2210102
In base 3, what is 11 + -20020021?
-20020010
In base 11, what is 5 - -30762?
30767
In base 14, what is 1 - -2299?
229a
In base 4, what is 1 + 12231022?
12231023
In base 11, what is -5 + 330507?
330502
In base 11, what is -3 - -13697?
13694
In base 13, what is 5 - -5b822?
5b827
In base 11, what is 74 - 4731?
-4668